{"id":2651,"date":"2013-04-27T21:34:45","date_gmt":"2013-04-27T19:34:45","guid":{"rendered":"http:\/\/blog.dpsgbretten.de\/?page_id=2651"},"modified":"2016-04-13T19:49:05","modified_gmt":"2016-04-13T19:49:05","slug":"das-jahr-2012","status":"publish","type":"page","link":"https:\/\/blog.dpsgbretten.de\/?page_id=2651","title":{"rendered":"Das Jahr 2012"},"content":{"rendered":"<p>&nbsp;<\/p>\n<p><strong>Regelm\u00e4\u00dfiges\u2026<\/strong><\/p>\n<p>W\u00f6chentlich trafen sich die Gruppen des Stamms zu ihren Gruppenstunden im Stammesheim. Dar\u00fcber hinaus fand bis April monatlich und ab September alle 14 Tage der Pfadisport f\u00fcr alle Askolaner ab der Jupfistufe in der der MGB-Turnhalle statt. Bis April monatlich, anschlie-\u00dfend in unregelm\u00e4\u00dfigen Abst\u00e4nden sind alle Askolaner ab der Jupfistufe zur Singerunde eingeladen. Monatlich traf sich die Stammes-Leiterrunde, an der alle Gruppenleiter und Mitarbeiter teilnehmen. Aufgrund der Gr\u00f6\u00dfe des Pfadfinderstamms fanden die Planungen von stufen\u00fcbergreifenden Aktionen in diesem Jahr in Projektgruppen statt, was die Arbeit in der Leiterrunde angenehmer machte.<\/p>\n<p>&nbsp;<\/p>\n<p><strong>Neben den Gruppenstunden\u2026<\/strong><\/p>\n<p>Das diesj\u00e4hrige <a href=\"https:\/\/blog.dpsgbretten.de\/?p=2027\">Stammes-Winterlager<\/a> f\u00fchrte 38 Askolaner in das Stammesheim des BdP Stamms Adler in Stutensee. Besonders in Erinnerung blieb das Projekt \u201eCodewort: Kothe\u201c. Ziel war es das beliebte Schwarzzelt in m\u00f6glichst unsinnigen Situationen abzulichten. In den Faschingsferien organisierten die Biber eine <a href=\"https:\/\/blog.dpsgbretten.de\/?p=2093\">\u00dcbernachtungsaktion im Stammesheim<\/a>; die Jungpfadfinder ein <a href=\"https:\/\/blog.dpsgbretten.de\/?p=2081\">Poker-Abend<\/a>; die Pfadfinderstufe fuhr ins <a href=\"https:\/\/blog.dpsgbretten.de\/?p=2085\">Pfadi-Faschingslager<\/a> in die Theodor Zel-ler Hu tte des DPSG Bezirks Pforzheim und die Roverstufe besuchte nicht nur die Hansestadt Hamburg sondern vor allem den Hamburger Singewettstreit.<\/p>\n<p>Mit einer LAN-Party f\u00fcr Stammesmitglieder und Freunde wollten wir zeigen, dass Pfadfinden eine moderne Freizeitbesch\u00e4ftigung ist. Der Freundes- und F\u00f6rdererkreis der Brettener Georgspfadfinder traf sich erstmalig in unserem Stammesheim zur Jahresversammlung. Einige Askolaner und Eltern fuhren mehrmals in den Rinklinger Wald um Brennholz f\u00fcr unsere Zeltlager zu schlagen. Am <a href=\"https:\/\/blog.dpsgbretten.de\/?p=2099\">5. Brettener V\u00f6lkerballturnier<\/a> k\u00e4mpften 19 Mannschaften um den begehrten Pokal: Im Mini-Turier gewann die DPSG Bruchsal, im Maxi-Turnier die Pfadfinder und Rover unseres Pfadfinderstamms. Parallel zum V\u00f6lkerballturnier tagte die Bezirksversammlung des DPSG Bezirks Bruchsal. Die W\u00f6lflinge unsees Stamms nutzten das V\u00f6lkerballturnier f\u00fcr eine \u00dcbernachtungsaktion im Stammesheim.<\/p>\n<p>Am <a href=\"https:\/\/blog.dpsgbretten.de\/?p=2123\">Treffen des Untermerzbacher Kreises<\/a> \u2013 einer Leiterfortbildung &#8211; nahmen Erik, Kelly, Birgit, Thomas und Zeus teil. In den Osterferien fuhren die <a href=\"https:\/\/blog.dpsgbretten.de\/?p=2119\">W\u00f6lflinge in den Karlsruher Zoo<\/a> und hatten auf einer Zoorallye richtig viel Spa\u00df. Die Jungpfadfinder gingen in den Osterferien auf einen Haijk. Am Mittwoch, den 18. April 2012 feierten die Askolaner in ihren Gruppenstunden das 5-j\u00e4hrige Bestehen des Pfadfinderstamms. Hans Schmitt trat nach langj\u00e4hrigem Engagement f\u00fcr die Pfadfinder als Gruppenleiter zur\u00fcck und aus dem Stamm aus. Zum <a href=\"https:\/\/blog.dpsgbretten.de\/?p=2159\">Pfadfinder-Grillabend<\/a> im Mai, der erstmalig an der Grillh\u00fctte in Rinklingen stattfand, war der gesamte Stamm nebst Eltern, Freunden und F\u00f6rderern eingeladen. In einem Stationenlauf lernten sie einiges \u00fcber unseren Pfadfinderstamm. Auf dem <a href=\"https:\/\/blog.dpsgbretten.de\/?p=2152\">Katholikentag in Mannheim<\/a> nahmen Anti, Erik, K\u00e4ppi, Katha, Pimpf und Timo als Helfer in der Verkehrslenkung teil.<br \/>\nEine abenteuerliche Woche erlebten 45 Georgspfadfinder auf dem <a href=\"https:\/\/blog.dpsgbretten.de\/?p=2170\">Stammespfingstlager<\/a> im Schwarzwald: Zwickgabel war das Ziel unseres gemeinsamen Zeltlagers aller Gruppen des Stamms. Rund 20 Mitglieder unseres Pfadfinderstamms nahmen als Fahnenabordnung an der <a href=\"https:\/\/blog.dpsgbretten.de\/?p=2165\">Fronleich-namsprozession<\/a> der Kirchengemeinde teil. Zum Jugendleiter wurden in den Pfingstferien Anti und Harlekin ausgebildet. Sie besuchten den Woodbadge-Modulkurs des Bezirks Kurpfalz. In den Sommerferien gingen alle Stammesmitglieder ab der Jungpfadfinderstufe gemeinsam auf gro\u00dfe Fahrt: <a href=\"https:\/\/blog.dpsgbretten.de\/?p=2285\">In diesem Jahr nach S\u00fcdfrankreich.<\/a> <a href=\"https:\/\/blog.dpsgbretten.de\/?p=2396\">Die W\u00f6lflinge fuhren auf das Sommerlager im Schwarzwald. <\/a>Nach einer einj\u00e4hrigen Pause stellten die Georgspfadfinder sich im Rahmen des Kinderferienprogramms vor \u2013 30 Kinder nahmen teil. Die <a href=\"https:\/\/blog.dpsgbretten.de\/?p=2349\">JAPLATA \u2013 unsere Jahresplanungstagung <\/a>\u2013 an der Gruppenleiter und Mitarbeiter teilnehmen war gut besucht. Als H\u00f6hepunkt paddelten wir mit unseren Kanus auf der Schwarzenbachtalsperre. In einer Stammesgruppenstunde wagten viele Askolaner <a href=\"https:\/\/blog.dpsgbretten.de\/?p=2400\">den Sprung in die n\u00e4chste Stufe<\/a>. Anschlie\u00dfend traf man sich f\u00fcr das diesj\u00e4hrige Stammesfoto. <a href=\"https:\/\/blog.dpsgbretten.de\/?p=2390\">Die Biber lagerten im September auf einer Wiese bei Bretten. <\/a>Ein <a href=\"https:\/\/blog.dpsgbretten.de\/?p=2446\">EXTREMhaijk <\/a>der Pfadfinder- und Roverstufe f\u00fchrte vier Askolaner in die Burgenwelt des Elsass. F\u00fcr die Herbstferien hatten die Gruppen einiges geplant: So gingen die Jupfis auf ihren Herbsthajk und die <a href=\"https:\/\/blog.dpsgbretten.de\/?p=2501\">W\u00f6lflinge ins Herbstlager in den Schwarzwald<\/a>. Aufgrund eines Schneegest\u00f6bers mussten die Jupfis ihren Herbsthaijk abbrechen. Die Biber trafen sich zur <a href=\"https:\/\/blog.dpsgbretten.de\/?p=2438\">Gruselnacht<\/a> im Stammesheim. Das Anspiel auf dem Martinsumzug wurde in diesem Jahr von Bibern und W\u00f6lflingen aufgef\u00fchrt. Einige Rover verkauften Gl\u00fchwein an die Eltern und Kinderpunsch an die j\u00fcngsten Teilnehmer. In der Stammesversammlung im November, die in diesem Jahr als kleine Versammlung stattfand, wurde Erik B\u00f6ttcher als Stammesvorsitzender wiedergew\u00e4hlt. Da es in Bretten immer noch keine echten Schoko-Nikol\u00e4use zu kaufen gibt, haben die Pfadfinder diese im Rahmen der BDKJ-Aktion \u201eWeihnachtsmannfreie Zone\u201c angeboten. Auch ein <a href=\"https:\/\/blog.dpsgbretten.de\/?p=2465\">Nikolaus-Besuchsdienst<\/a> der Rover zum Nikolaustag ist geplant. Auf dem <a href=\"https:\/\/blog.dpsgbretten.de\/?p=2486\">Weihnachtsmarkt <\/a>waren wir auch vertreten &#8211; in diesem Jahr mit einer Aktionsjurte. Das <a href=\"https:\/\/blog.dpsgbretten.de\/?p=2474\">Friedenslicht<\/a> soll in diesem Jahr an die Pfarrgemeinde, die Realschule und den Gemeinderat verteilt werden Das Jahr endet mit dem verdienten Weihnachtsessen der Leiterrunde \u2013 diesj\u00e4hrig beim Chinesen und einer Waldweihnacht aller Gruppen in der letzten Gruppenstunde vor den Weihnachtsferien.<\/p>\n","protected":false},"excerpt":{"rendered":"<p>&nbsp; Regelm\u00e4\u00dfiges\u2026 W\u00f6chentlich trafen sich die Gruppen des Stamms zu ihren Gruppenstunden im Stammesheim. Dar\u00fcber hinaus fand bis April monatlich und ab September alle 14 Tage der Pfadisport f\u00fcr alle <a class=\"more-link\" href=\"https:\/\/blog.dpsgbretten.de\/?page_id=2651\">Continue Reading &rarr;<\/a><\/p>\n","protected":false},"author":1,"featured_media":2659,"parent":82,"menu_order":27,"comment_status":"closed","ping_status":"open","template":"","meta":{"footnotes":""},"class_list":["post-2651","page","type-page","status-publish","has-post-thumbnail","hentry"],"_links":{"self":[{"href":"https:\/\/blog.dpsgbretten.de\/index.php?rest_route=\/wp\/v2\/pages\/2651","targetHints":{"allow":["GET"]}}],"collection":[{"href":"https:\/\/blog.dpsgbretten.de\/index.php?rest_route=\/wp\/v2\/pages"}],"about":[{"href":"https:\/\/blog.dpsgbretten.de\/index.php?rest_route=\/wp\/v2\/types\/page"}],"author":[{"embeddable":true,"href":"https:\/\/blog.dpsgbretten.de\/index.php?rest_route=\/wp\/v2\/users\/1"}],"replies":[{"embeddable":true,"href":"https:\/\/blog.dpsgbretten.de\/index.php?rest_route=%2Fwp%2Fv2%2Fcomments&post=2651"}],"version-history":[{"count":7,"href":"https:\/\/blog.dpsgbretten.de\/index.php?rest_route=\/wp\/v2\/pages\/2651\/revisions"}],"predecessor-version":[{"id":2660,"href":"https:\/\/blog.dpsgbretten.de\/index.php?rest_route=\/wp\/v2\/pages\/2651\/revisions\/2660"}],"up":[{"embeddable":true,"href":"https:\/\/blog.dpsgbretten.de\/index.php?rest_route=\/wp\/v2\/pages\/82"}],"wp:featuredmedia":[{"embeddable":true,"href":"https:\/\/blog.dpsgbretten.de\/index.php?rest_route=\/wp\/v2\/media\/2659"}],"wp:attachment":[{"href":"https:\/\/blog.dpsgbretten.de\/index.php?rest_route=%2Fwp%2Fv2%2Fmedia&parent=2651"}],"curies":[{"name":"wp","href":"https:\/\/api.w.org\/{rel}","templated":true}]}}

<p>&nbsp;</p>
<p><strong>Regelmäßiges…</strong></p>
<p>Wöchentlich trafen sich die Gruppen des Stamms zu ihren Gruppenstunden im Stammesheim. Darüber hinaus fand bis April monatlich und ab September alle 14 Tage der Pfadisport für alle Askolaner ab der Jupfistufe in der der MGB-Turnhalle statt. Bis April monatlich, anschlie-ßend in unregelmäßigen Abständen sind alle Askolaner ab der Jupfistufe zur Singerunde eingeladen. Monatlich traf sich die Stammes-Leiterrunde, an der alle Gruppenleiter und Mitarbeiter teilnehmen. Aufgrund der Größe des Pfadfinderstamms fanden die Planungen von stufenübergreifenden Aktionen in diesem Jahr in Projektgruppen statt, was die Arbeit in der Leiterrunde angenehmer machte.</p>
<p>&nbsp;</p>
<p><strong>Neben den Gruppenstunden…</strong></p>
<p>Das diesjährige <a href="https://blog.dpsgbretten.de/?p=2027">Stammes-Winterlager</a> führte 38 Askolaner in das Stammesheim des BdP Stamms Adler in Stutensee. Besonders in Erinnerung blieb das Projekt „Codewort: Kothe“. Ziel war es das beliebte Schwarzzelt in möglichst unsinnigen Situationen abzulichten. In den Faschingsferien organisierten die Biber eine <a href="https://blog.dpsgbretten.de/?p=2093">Übernachtungsaktion im Stammesheim</a>; die Jungpfadfinder ein <a href="https://blog.dpsgbretten.de/?p=2081">Poker-Abend</a>; die Pfadfinderstufe fuhr ins <a href="https://blog.dpsgbretten.de/?p=2085">Pfadi-Faschingslager</a> in die Theodor Zel-ler Hu tte des DPSG Bezirks Pforzheim und die Roverstufe besuchte nicht nur die Hansestadt Hamburg sondern vor allem den Hamburger Singewettstreit.</p>
<p>Mit einer LAN-Party für Stammesmitglieder und Freunde wollten wir zeigen, dass Pfadfinden eine moderne Freizeitbeschäftigung ist. Der Freundes- und Fördererkreis der Brettener Georgspfadfinder traf sich erstmalig in unserem Stammesheim zur Jahresversammlung. Einige Askolaner und Eltern fuhren mehrmals in den Rinklinger Wald um Brennholz für unsere Zeltlager zu schlagen. Am <a href="https://blog.dpsgbretten.de/?p=2099">5. Brettener Völkerballturnier</a> kämpften 19 Mannschaften um den begehrten Pokal: Im Mini-Turier gewann die DPSG Bruchsal, im Maxi-Turnier die Pfadfinder und Rover unseres Pfadfinderstamms. Parallel zum Völkerballturnier tagte die Bezirksversammlung des DPSG Bezirks Bruchsal. Die Wölflinge unsees Stamms nutzten das Völkerballturnier für eine Übernachtungsaktion im Stammesheim.</p>
<p>Am <a href="https://blog.dpsgbretten.de/?p=2123">Treffen des Untermerzbacher Kreises</a> – einer Leiterfortbildung &#8211; nahmen Erik, Kelly, Birgit, Thomas und Zeus teil. In den Osterferien fuhren die <a href="https://blog.dpsgbretten.de/?p=2119">Wölflinge in den Karlsruher Zoo</a> und hatten auf einer Zoorallye richtig viel Spaß. Die Jungpfadfinder gingen in den Osterferien auf einen Haijk. Am Mittwoch, den 18. April 2012 feierten die Askolaner in ihren Gruppenstunden das 5-jährige Bestehen des Pfadfinderstamms. Hans Schmitt trat nach langjährigem Engagement für die Pfadfinder als Gruppenleiter zurück und aus dem Stamm aus. Zum <a href="https://blog.dpsgbretten.de/?p=2159">Pfadfinder-Grillabend</a> im Mai, der erstmalig an der Grillhütte in Rinklingen stattfand, war der gesamte Stamm nebst Eltern, Freunden und Förderern eingeladen. In einem Stationenlauf lernten sie einiges über unseren Pfadfinderstamm. Auf dem <a href="https://blog.dpsgbretten.de/?p=2152">Katholikentag in Mannheim</a> nahmen Anti, Erik, Käppi, Katha, Pimpf und Timo als Helfer in der Verkehrslenkung teil.<br />
Eine abenteuerliche Woche erlebten 45 Georgspfadfinder auf dem <a href="https://blog.dpsgbretten.de/?p=2170">Stammespfingstlager</a> im Schwarzwald: Zwickgabel war das Ziel unseres gemeinsamen Zeltlagers aller Gruppen des Stamms. Rund 20 Mitglieder unseres Pfadfinderstamms nahmen als Fahnenabordnung an der <a href="https://blog.dpsgbretten.de/?p=2165">Fronleich-namsprozession</a> der Kirchengemeinde teil. Zum Jugendleiter wurden in den Pfingstferien Anti und Harlekin ausgebildet. Sie besuchten den Woodbadge-Modulkurs des Bezirks Kurpfalz. In den Sommerferien gingen alle Stammesmitglieder ab der Jungpfadfinderstufe gemeinsam auf große Fahrt: <a href="https://blog.dpsgbretten.de/?p=2285">In diesem Jahr nach Südfrankreich.</a> <a href="https://blog.dpsgbretten.de/?p=2396">Die Wölflinge fuhren auf das Sommerlager im Schwarzwald. </a>Nach einer einjährigen Pause stellten die Georgspfadfinder sich im Rahmen des Kinderferienprogramms vor – 30 Kinder nahmen teil. Die <a href="https://blog.dpsgbretten.de/?p=2349">JAPLATA – unsere Jahresplanungstagung </a>– an der Gruppenleiter und Mitarbeiter teilnehmen war gut besucht. Als Höhepunkt paddelten wir mit unseren Kanus auf der Schwarzenbachtalsperre. In einer Stammesgruppenstunde wagten viele Askolaner <a href="https://blog.dpsgbretten.de/?p=2400">den Sprung in die nächste Stufe</a>. Anschließend traf man sich für das diesjährige Stammesfoto. <a href="https://blog.dpsgbretten.de/?p=2390">Die Biber lagerten im September auf einer Wiese bei Bretten. </a>Ein <a href="https://blog.dpsgbretten.de/?p=2446">EXTREMhaijk </a>der Pfadfinder- und Roverstufe führte vier Askolaner in die Burgenwelt des Elsass. Für die Herbstferien hatten die Gruppen einiges geplant: So gingen die Jupfis auf ihren Herbsthajk und die <a href="https://blog.dpsgbretten.de/?p=2501">Wölflinge ins Herbstlager in den Schwarzwald</a>. Aufgrund eines Schneegestöbers mussten die Jupfis ihren Herbsthaijk abbrechen. Die Biber trafen sich zur <a href="https://blog.dpsgbretten.de/?p=2438">Gruselnacht</a> im Stammesheim. Das Anspiel auf dem Martinsumzug wurde in diesem Jahr von Bibern und Wölflingen aufgeführt. Einige Rover verkauften Glühwein an die Eltern und Kinderpunsch an die jüngsten Teilnehmer. In der Stammesversammlung im November, die in diesem Jahr als kleine Versammlung stattfand, wurde Erik Böttcher als Stammesvorsitzender wiedergewählt. Da es in Bretten immer noch keine echten Schoko-Nikoläuse zu kaufen gibt, haben die Pfadfinder diese im Rahmen der BDKJ-Aktion „Weihnachtsmannfreie Zone“ angeboten. Auch ein <a href="https://blog.dpsgbretten.de/?p=2465">Nikolaus-Besuchsdienst</a> der Rover zum Nikolaustag ist geplant. Auf dem <a href="https://blog.dpsgbretten.de/?p=2486">Weihnachtsmarkt </a>waren wir auch vertreten &#8211; in diesem Jahr mit einer Aktionsjurte. Das <a href="https://blog.dpsgbretten.de/?p=2474">Friedenslicht</a> soll in diesem Jahr an die Pfarrgemeinde, die Realschule und den Gemeinderat verteilt werden Das Jahr endet mit dem verdienten Weihnachtsessen der Leiterrunde – diesjährig beim Chinesen und einer Waldweihnacht aller Gruppen in der letzten Gruppenstunde vor den Weihnachtsferien.</p>

<p>&nbsp; Regelmäßiges… Wöchentlich trafen sich die Gruppen des Stamms zu ihren Gruppenstunden im Stammesheim. Darüber hinaus fand bis April monatlich und ab September alle 14 Tage der Pfadisport für alle <a class="more-link" href="https://blog.dpsgbretten.de/?page_id=2651">Continue Reading &rarr;</a></p>
