{"id":742,"date":"2009-06-01T07:04:25","date_gmt":"2009-06-01T06:04:25","guid":{"rendered":"http:\/\/blog.dpsgbretten.de\/?page_id=742"},"modified":"2017-06-02T08:58:43","modified_gmt":"2017-06-02T08:58:43","slug":"18-99-freundeskreis","status":"publish","type":"page","link":"https:\/\/blog.dpsgbretten.de\/?page_id=742","title":{"rendered":"18-99: Freundeskreis"},"content":{"rendered":"<p><strong><span style=\"text-decoration: underline;\">Liebe Eltern, Freunde und Ehemalige der Georgspfadfinder in Bretten und Umgebung,<\/span><\/strong><\/p>\n<p><img loading=\"lazy\" decoding=\"async\" src=\"https:\/\/blog.dpsgbretten.de\/wp-content\/uploads\/2009\/11\/woewoe.jpg\" alt=\"woewoe\" width=\"225\" height=\"168\" align=\"left\" \/>Seit 2007\u00a0gibt es in Bretten wieder einen aktiven DPSG-Stamm.\u00a0Bereits in den 1950er Jahren\u00a0gab in der katholischen Kirchengemeinde St. Laurentius Georgspfadfinder. Leider ist die Arbeit des Stamms in den 1970er Jahren eingeschlafen. Auch in B\u00fcchig gab es in den 1980er bis 1990er Jahren einen aktiven DPSG-Stamm. Damit in naher und ferner Zukunft Kinder und Jugendliche das Abenteuer Pfadfinden erleben d\u00fcrfen, ben\u00f6tigt ein Pfadfinderstamm Unterst\u00fctzung von Erwachsenen, die im Hintergrund helfen langfristig die Pfadfinderarbeit auf ein festes Fundament zu stellen. Daher m\u00f6chten wir Sie einladen Mitglied im <em>Freundes- und F\u00f6rdererkreis der Georgspfadfinder Bretten<\/em> zu werden.<\/p>\n<p><strong>Wozu Mitglied werden?<\/strong><\/p>\n<p><img loading=\"lazy\" decoding=\"async\" src=\"https:\/\/blog.dpsgbretten.de\/wp-content\/uploads\/2009\/11\/fahrt.jpg\" alt=\"fahrt\" width=\"225\" height=\"168\" align=\"right\" \/>Mit Ihrer Mitgliedschaft tragen Sie in erster Linie dazu bei, dass die Pfadfinderarbeit in Bretten und Umgebung auch k\u00fcnftig lebendig und nachhaltig bleibt. Au\u00dferdem bietet sie:<\/p>\n<ul>\n<li>Aufbau und Pflege pers\u00f6nlicher Kontakte zu Pfadfindern, Ehemaligen und Gleichgesinnten<\/li>\n<li>j\u00e4hrliche Spende ist steuerlich absetzbar<\/li>\n<li>Informationen \u00fcber unseren Pfadfinderstamm durch eine j\u00e4hrliche Stammespost<\/li>\n<\/ul>\n<p><strong>Bringt eine Mitgliedschaft auch Nachteile?<\/strong><\/p>\n<p>Au\u00dfer der Tatsache, dass wir von Ihrem Konto einmal j\u00e4hrlich eine Spende an den Tr\u00e4gerverein des Pfadfinderstamms Askola e.V. einziehen, bringt eine Mitgliedschaft im Freundes- und F\u00f6rdererkreis f\u00fcr Sie keine weiteren Verpflichtungen mit sich. Ihr weiteres Engagement, z.B. bei anfallenden Aktionen, wird zwar gerne angenommen, ist aber keine Bedingung f\u00fcr den Beitritt in den Freundeskreis. Sie entscheiden, in wieweit Sie sich in den Freundeskreis einbringen wollen!<\/p>\n<p>&nbsp;<\/p>\n<p><strong><img loading=\"lazy\" decoding=\"async\" src=\"https:\/\/blog.dpsgbretten.de\/wp-content\/uploads\/2009\/11\/zug.jpg\" alt=\"zug\" width=\"225\" height=\"168\" align=\"left\" \/>Was kostet mich das?<\/strong><\/p>\n<p>Als Mitglied des <em>Freundes- und F\u00f6rdererkreis der Georgspfadfinder Bretten<\/em> verpflichten Sie sich j\u00e4hrlich eine Spende in H\u00f6he von mind. 20 \u20ac an den Tr\u00e4gerverein des Pfadfinderstamms Askola e.V. zu leisten. Wir hoffen m\u00f6glichst viele Eltern, Freunde und Ehemalige f\u00fcr diese gute Sache gewinnen zu k\u00f6nnen.<\/p>\n<p>&nbsp;<\/p>\n<p><strong>Wie kann ich Mitglied werden?<\/strong><\/p>\n<p>Einfach das <a href=\"https:\/\/blog.dpsgbretten.de\/wp-content\/uploads\/2009\/11\/askolafreunde.pdf\">Anmeldeformular<\/a> ausf\u00fcllen und bei einem Gruppenleiter abgegeben oder direkt an die Vorsitzende unseres Freundes- und F\u00f6rdererkreises senden.<\/p>\n<p><strong>Wie kann ich den Pfadfindern etwas spenden?<\/strong><\/p>\n<p>Gerne nimmt der Tr\u00e4gerverein des Pfadfinderstamms Askola e.V. Geldspenden entgegen, die er f\u00fcr langfristige Anschaffungen (Zelte, Kocher&#8230;) verwendet. Wenn Sie etwas spenden m\u00f6chten, <a href=\"https:\/\/blog.dpsgbretten.de\/?page_id=70\">melden Sie sich einfach bei uns<\/a> &#8211; Nat\u00fcrlich erhalten Sie eine Spendenquittung. Au\u00dferdem sind wir immer auf der Suche nach Sachspenden f\u00fcr unsere Zeltlager (K\u00fcchenmaterialien, Zelte&#8230;).<\/p>\n<p>Gut Pfad,<\/p>\n<p style=\"text-align: right;\">Inge Kleiber<\/p>\n<p style=\"text-align: right;\">Vorsitzende des Freundes- und F\u00f6rdererkreis der Georgspfadfinder Bretten<\/p>\n","protected":false},"excerpt":{"rendered":"<p>Liebe Eltern, Freunde und Ehemalige der Georgspfadfinder in Bretten und Umgebung, Seit 2007\u00a0gibt es in Bretten wieder einen aktiven DPSG-Stamm.\u00a0Bereits in den 1950er Jahren\u00a0gab in der katholischen Kirchengemeinde St. Laurentius <a class=\"more-link\" href=\"https:\/\/blog.dpsgbretten.de\/?page_id=742\">Continue Reading &rarr;<\/a><\/p>\n","protected":false},"author":1,"featured_media":1761,"parent":11,"menu_order":80,"comment_status":"open","ping_status":"open","template":"","meta":{"footnotes":""},"class_list":["post-742","page","type-page","status-publish","has-post-thumbnail","hentry"],"_links":{"self":[{"href":"https:\/\/blog.dpsgbretten.de\/index.php?rest_route=\/wp\/v2\/pages\/742","targetHints":{"allow":["GET"]}}],"collection":[{"href":"https:\/\/blog.dpsgbretten.de\/index.php?rest_route=\/wp\/v2\/pages"}],"about":[{"href":"https:\/\/blog.dpsgbretten.de\/index.php?rest_route=\/wp\/v2\/types\/page"}],"author":[{"embeddable":true,"href":"https:\/\/blog.dpsgbretten.de\/index.php?rest_route=\/wp\/v2\/users\/1"}],"replies":[{"embeddable":true,"href":"https:\/\/blog.dpsgbretten.de\/index.php?rest_route=%2Fwp%2Fv2%2Fcomments&post=742"}],"version-history":[{"count":18,"href":"https:\/\/blog.dpsgbretten.de\/index.php?rest_route=\/wp\/v2\/pages\/742\/revisions"}],"predecessor-version":[{"id":3744,"href":"https:\/\/blog.dpsgbretten.de\/index.php?rest_route=\/wp\/v2\/pages\/742\/revisions\/3744"}],"up":[{"embeddable":true,"href":"https:\/\/blog.dpsgbretten.de\/index.php?rest_route=\/wp\/v2\/pages\/11"}],"wp:featuredmedia":[{"embeddable":true,"href":"https:\/\/blog.dpsgbretten.de\/index.php?rest_route=\/wp\/v2\/media\/1761"}],"wp:attachment":[{"href":"https:\/\/blog.dpsgbretten.de\/index.php?rest_route=%2Fwp%2Fv2%2Fmedia&parent=742"}],"curies":[{"name":"wp","href":"https:\/\/api.w.org\/{rel}","templated":true}]}}